on divisor of b and 10?
5
Suppose -279*g = -139*g - 1680. Suppose -9 - 16 = 5*t, 3*t = d - 21. Calculate the greatest common factor of d and g.
6
Suppose 0 = -11*d + 133 - 496. Let z = d + 37. Calculate the greatest common divisor of 16 and z.
4
Suppose -10*v - 14*v = -96. Suppose 0 = -n + v*p + 40, 5*n - 2*p = -3*p + 116. What is the greatest common divisor of 24 and n?
24
Let u be 10122/9 - (8 + 1)/(-27). Let f = u + -725. Calculate the highest common factor of 64 and f.
16
Suppose -62*i - 8600 + 2568 = -88*i. What is the highest common factor of 4379 and i?
29
Suppose y - x + 0*x + 160 = 0, 2*x = -y - 169. Let m = y - -229. What is the greatest common divisor of 330 and m?
66
Let k(a) = 19*a**2 + 23*a + 101. Let i be k(-10). Suppose -u + i = 6*u. Calculate the highest common factor of u and 11.
11
Let d = 18450 + -18429. Calculate the greatest common factor of d and 26.
1
Let p(a) = 8*a**3 - 3*a**2 + 2*a + 2. Let j be p(1). Suppose 0 = 3*h + j, f - h = 2*f - 57. What is the highest common divisor of 90 and f?
30
Suppose -6*a + 11*a = -4*s + 40, -4*a = -2*s - 6. What is the greatest common factor of 988 and a?
4
Let b be (5 + (-85)/(-25))*5. Let a be (152/2 - 1) + 1. Let y be a/12 - (-2)/(-6). What is the highest common divisor of y and b?
6
Let l be (-42)/2*(415/(-15) + 11). Calculate the highest common divisor of l and 15.
5
Suppose -4*u + 96 = 28*g - 26*g, 2*g - 2*u = 132. What is the greatest common factor of g and 4260?
60
Suppose 0 = 27*n + 31 - 58. Let g(p) = -p**2 - 8*p - 6. Let j be g(-7). Let w be (1 - -24 - j) + -1. What is the greatest common factor of n and w?
1
Let m = 593 + -87. Let y = -467 + m. What is the greatest common divisor of 195 and y?
39
Let g(t) = -8*t - 12. Let a be g(-12). Let d = -36 + 30. Let l be a/8 - 9/d. Calculate the highest common factor of l and 36.
12
Suppose t - 1400 = -4*q, -5*t = -4*q + 44 + 1356. What is the highest common factor of 325 and q?
25
Let t(w) = -157*w - 381. Let j be t(-8). What is the highest common divisor of 500 and j?
125
Let f = 19 - 29. Let m be 204*(f/4 - -3). Suppose -p + 0*k = 3*k - 87, -p + 2*k = -m. What is the highest common factor of 12 and p?
12
Let c(y) = 29*y + 723. Let i be c(5). What is the highest common divisor of 224 and i?
28
Let s be 208/(832/(-143) - -6). Calculate the greatest common divisor of s and 880.
88
Suppose 3*p + 27 = 3*y, 4*p + 30 = 2*y + 4. Suppose 4*l - 3*d + 4*d - 3600 = 0, y*d = l - 921. What is the highest common divisor of l and 53?
53
Let w(h) = -78*h - 366. Let t be w(-10). Let q = 494 - t. Calculate the highest common divisor of 10 and q.
10
Let j(x) = 11*x - 247. Let u be j(42). Let w be u + (8 + -7)*-7. Calculate the highest common divisor of 24 and w.
8
Suppose -4 = n - 2*o - 25, 0 = -2*n - o + 27. Let b(i) = i**2 + 65*i + 604. Let h be b(-11). Calculate the greatest common factor of h and n.
5
Suppose 174*r - 5*m = 173*r + 34, 4*m = -3*r + 178. What is the greatest common divisor of 534 and r?
6
Let u = -6175 - -38560. Calculate the greatest common divisor of 17 and u.
17
Let a(r) = -3*r**3 - 30*r**2 - 67*r - 24. Let o be a(-8). Calculate the highest common factor of 4 and o.
4
Let h(r) = -11*r + 3. Let l(i) = -i - 4. Let m be l(-11). Suppose 8*o = m - 31. Let v be h(o). Calculate the highest common divisor of 24 and v.
12
Let y = -8787 - -8819. Let m(b) = 3*b**2 + 8*b + 4. Let k be m(6). Calculate the highest common factor of y and k.
32
Let u = -348 - -344. Let c be (3496/114)/(u/(-90)). Calculate the greatest common divisor of c and 69.
69
Let i(h) = 238*h + 2159. Let o be i(4). Calculate the greatest common divisor of o and 2379.
183
Let y(c) = 75*c - 133. Let j be y(5). Let o = -170 + j. Calculate the greatest common divisor of o and 8.
8
Let v(q) = 19*q**2 - 34*q + 11. Let f(x) = -57*x**2 + 104*x - 35. Let b(l) = 2*f(l) + 7*v(l). Let i be b(5). What is the highest common divisor of i and 4?
4
Suppose -h + 2*i - 4*i + 61 = 0, 0 = -4*h + i + 244. Suppose -h = -5*m - 246. Let l = 48 + m. What is the greatest common divisor of 121 and l?
11
Let r(b) = -b**3 - 12*b**2 + 3*b - 245. Let k be r(-15). Calculate the greatest common factor of 825 and k.
55
Let d(v) = -v + 298. Let b be d(-14). Calculate the highest common divisor of 195 and b.
39
Suppose 0 = -q - 11*q. Suppose q = -l + 6*l + w - 1263, 249 = l + 2*w. What is the greatest common divisor of 23 and l?
23
Let t(g) = -13*g**3 + g**2 + 3*g + 2. Let p be t(-1). Let n(d) = p - 8 - 5 - 22*d. Let k be n(-5). Calculate the greatest common divisor of 22 and k.
22
Suppose 455 = -3476*c + 3481*c. Calculate the greatest common factor of 1963 and c.
13
Let r(g) = -4*g**3 + 3*g**2 - 46*g - 96. Let b be r(-2). Let c be 3/(-6) + 162/4. Calculate the highest common factor of c and b.
40
Suppose -16*r + 17*r = g - 4, -3*r + 4 = g. Let h(w) = -25*w + 18. Let n be h(r). Calculate the highest common factor of 2 and n.
2
Let s = 302 - 304. Let f be 3 + s + 6/3. What is the greatest common divisor of 147 and f?
3
Let o be -4*(1 + (-33)/6). Let v = 164 + o. Let q be (-5)/(-2)*v/13. What is the greatest common divisor of q and 7?
7
Suppose 0 = 5*o - 89 - 631. Suppose -8*c = -264 + o. What is the greatest common factor of 195 and c?
15
Suppose -39*l = -40*l - 174. Let c = l - -350. What is the greatest common factor of c and 11?
11
Let u be (-40983)/(-76) + 3/4. Calculate the highest common factor of 5340 and u.
60
Let k(o) = -13*o + 480. Let m be k(8). Calculate the highest common factor of m and 658.
94
Suppose -136*n + 3270997 + 1230757 = -3814102. Calculate the greatest common factor of n and 86.
86
Suppose 191490 - 601410 = -2649*m - 719*m - 1512*m. Suppose 0*c + 252 = 2*c. What is the greatest common factor of m and c?
42
Let x(r) = -r**2 + r + 1. Let s(o) = -14*o - 4. Let j(f) = -s(f) - 4*x(f). Let l be j(-8). What is the highest common divisor of 16 and l?
16
Let g = -2337 + 2568. Calculate the greatest common divisor of g and 847.
77
Let i(c) = -669*c - 8484. Let y be i(-13). Calculate the greatest common factor of y and 6.
3
Let k = 191 + -114. Let y be (-1654)/30 - (-2)/15. Let l = y - -66. What is the greatest common factor of k and l?
11
Suppose 0 = -102*z + 128*z - 3640. Suppose 3*p + 166 + 181 = 5*q, 3*q - 5*p = 205. Suppose -b + 3*b = q. What is the highest common factor of z and b?
35
Let b = 11870 - 11810. Calculate the highest common factor of b and 1668.
12
Let c be (16/24)/((-2)/6). Let d be (c + (-2)/(-2))/((-10)/110). Suppose -d = -u - 2. What is the greatest common factor of u and 72?
9
Suppose 4213*l = 4209*l + 1612. Calculate the greatest common divisor of l and 39.
13
Suppose t + v + 3 = 3*t, -v - 3 = -4*t. Suppose o + t*o = 45. Let r(s) = s**2 - 21*s - 63. Let u be r(24). Calculate the highest common factor of u and o.
9
Suppose -3*h = 4*n - 165 + 133, 0 = -2*h - 7*n + 30. Let p be 4/(-14) - (-32)/14. Suppose 3 - 7 = -p*m. What is the highest common divisor of m and h?
2
Let k be (105/(-28))/(1/(-16))*36/60. What is the greatest common divisor of k and 6924?
12
Let i(p) = 402 - 4*p**2 + 39*p - 5*p**2 - 27*p + p**3 - 468. Let n be i(10). What is the highest common factor of n and 539?
77
Let k = -1785 - -1877. Calculate the greatest common factor of k and 3335.
23
Let k(c) = 2*c**3 + 99*c**2 + 46*c - 134. Let v be k(-49). Calculate the highest common divisor of v and 832.
13
Suppose -3*w + 420 = 2*w. Let b(n) = -n**2 - 14*n - 19. Suppose 5*y - 13*y - 80 = 0. Let k be b(y). What is the highest common factor of w and k?
21
Let g be -1289*(-5 - (-8 - -2)). Let a be (-136)/884 + g/(-13). Calculate the highest common divisor of 18 and a.
9
Let r(j) = -3*j - 14. Let x be r(-7). Let g(o) = -7*o + o + x*o + 43. Let l be g(-7). What is the greatest common divisor of l and 9?
9
Suppose 0 = 2*c - 6, -2176*c + 2181*c - 8 = m. Let o be 1 + -1 - (-406)/2. Calculate the greatest common factor of m and o.
7
Suppose -18662 = -21*r - 27*r + 5*r. What is the highest common divisor of r and 98?
14
Let z = 48 + -27. Let k = 695 - 422. What is the highest common divisor of z and k?
21
Suppose 86*h - 16858 + 604 = 0. What is the highest common divisor of h and 12?
3
Let r(j) = -18*j - 48. Suppose -v - 5*x = 20, -2*v = 2*x + 25 - 9. Let q be r(v). Calculate the greatest common factor of 462 and q.
4